229
List the prime factors of 629225.
5, 25169
List the prime factors of 842828.
2, 7, 31, 971
What are the prime factors of 26787?
3, 8929
What are the prime factors of 237241?
131, 1811
What are the prime factors of 156790?
2, 5, 15679
List the prime factors of 2301584.
2, 19, 67, 113
List the prime factors of 21614833.
21614833
What are the prime factors of 1088876?
2, 137, 1987
List the prime factors of 840091.
7, 43, 2791
List the prime factors of 26587094.
2, 61, 383, 569
List the prime factors of 228092.
2, 127, 449
List the prime factors of 2906439.
3, 17, 56989
List the prime factors of 114061.
167, 683
What are the prime factors of 2998311?
3, 999437
What are the prime factors of 2815043?
7, 11, 36559
What are the prime factors of 227751?
3, 89, 853
List the prime factors of 9809424.
2, 3, 29
What are the prime factors of 514109?
523, 983
List the prime factors of 185732.
2, 59, 787
List the prime factors of 19365424.
2, 13, 93103
What are the prime factors of 206569?
11, 89, 211
List the prime factors of 11743036.
2, 107, 27437
What are the prime factors of 3261829?
3261829
What are the prime factors of 188142?
2, 3, 31357
What are the prime factors of 536984?
2, 7, 43, 223
List the prime factors of 281419.
281419
List the prime factors of 343516.
2, 157, 547
List the prime factors of 2056143.
3, 685381
What are the prime factors of 388885?
5, 7, 41, 271
What are the prime factors of 394938?
2, 3, 37, 593
List the prime factors of 41702.
2, 29, 719
What are the prime factors of 202235?
5, 11, 3677
List the prime factors of 8711926.
2, 41, 106243
What are the prime factors of 1581019?
11, 143729
What are the prime factors of 841150?
2, 5, 16823
List the prime factors of 5340191.
5340191
What are the prime factors of 60462?
2, 3, 3359
What are the prime factors of 1166037?
3, 97, 4007
What are the prime factors of 3272324?
2, 11, 6761
List the prime factors of 784917.
3, 7, 4153
List the prime factors of 4611019.
7, 43, 15319
What are the prime factors of 16025165?
5, 13, 101, 2441
What are the prime factors of 204489?
3, 22721
List the prime factors of 320923.
320923
What are the prime factors of 1849340?
2, 5, 92467
List the prime factors of 211972.
2, 197, 269
List the prime factors of 239230.
2, 5, 47, 509
What are the prime factors of 3315390?
2, 3, 5, 13, 8501
List the prime factors of 4397207.
4397207
List the prime factors of 1924420.
2, 5, 96221
List the prime factors of 8960731.
13, 23, 1303
List the prime factors of 112122.
2, 3, 6229
List the prime factors of 9150924.
2, 3, 762577
What are the prime factors of 545055?
3, 5, 7, 29, 179
What are the prime factors of 82479?
3, 19, 1447
What are the prime factors of 293405?
5, 7, 83, 101
What are the prime factors of 570698?
2, 71, 4019
List the prime factors of 161452.
2, 181, 223
What are the prime factors of 1041287?
13, 173, 463
What are the prime factors of 1191834?
2, 3, 7, 1051
List the prime factors of 266110.
2, 5, 13, 23, 89
What are the prime factors of 155068?
2, 38767
List the prime factors of 14331647.
11, 109, 11953
List the prime factors of 33872260.
2, 5, 1693613
List the prime factors of 749396.
2, 187349
List the prime factors of 3774326.
2, 607, 3109
What are the prime factors of 1317545?
5, 101, 2609
List the prime factors of 899908.
2, 224977
List the prime factors of 105784.
2, 7, 1889
What are the prime factors of 14685902?
2, 7, 11, 47, 2029
List the prime factors of 1564752.
2, 3, 7, 4657
List the prime factors of 27660335.
5, 5532067
What are the prime factors of 33687050?
2, 5, 239, 2819
List the prime factors of 174316.
2, 43579
What are the prime factors of 844180?
2, 5, 42209
What are the prime factors of 2769477?
3, 331, 2789
What are the prime factors of 20226354?
2, 3, 3371059
What are the prime factors of 2480385?
3, 5, 17, 71, 137
List the prime factors of 625225.
5, 89, 281
What are the prime factors of 49524?
2, 3, 4127
List the prime factors of 827561.
7, 16889
What are the prime factors of 296552?
2, 19, 1951
What are the prime factors of 98964?
2, 3, 2749
What are the prime factors of 2468675?
5, 11, 47, 191
List the prime factors of 11761348.
2, 17, 257, 673
What are the prime factors of 2109147?
3, 31, 22679
What are the prime factors of 2258170?
2, 5, 241, 937
List the prime factors of 1443375.
3, 5, 1283
List the prime factors of 9262.
2, 11, 421
What are the prime factors of 175911?
3, 191, 307
List the prime factors of 343989.
3, 37, 1033
List the prime factors of 67010.
2, 5, 6701
What are the prime factors of 3698942?
2, 13, 113, 1259
List the prime factors of 114617.
114617
List the prime factors of 112545.
3, 5, 41, 61
What are the prime factors of 19961353?
1279, 15607
List the prime factors of 267712.
2, 47, 89
What are the prime factors of 23488490?
2, 5, 41, 59, 971
List the prime factors of 310249.
557
List the prime factors of 147813.
3, 29, 1699
What are the prime factors of 5540078?
2, 47, 58937
List the prime factors of 278845.
5, 7, 31, 257
What are the prime factors of 223230?
2, 3, 5, 7, 1063
What are the prime factors of 1228835?
5, 179, 1373
List the prime factors of 4544110.
2, 5, 23, 859
List the prime factors of 7674617.
23, 333679
What are the prime factors of 493120?
2, 5, 23, 67
List the prime factors of 3267033.
3, 7, 11, 14143
List the prime factors of 122594.
2, 61297
What are the prime factors of 604592?
2, 29, 1303
List the prime factors of 533960.
2, 5, 7, 1907
List the prime factors of 7951355.
5, 1590271
What are the prime factors of 8645398?
2, 101, 127, 337
What are the prime factors of 857489?
19, 45131
List the prime factors of 6939872.
2, 137, 1583
List the prime factors of 35767098.
2, 3, 59, 33679
List the prime factors of 8408079.
3, 53, 17627
What are the prime factors of 244160?
2, 5, 7, 109
List the prime factors of 956300.
2, 5, 73, 131
List the prime factors of 288948.
2, 3, 11, 199
List the prime factors of 4232733.
3, 1410911
List the prime factors of 7028578.
2, 3514289
What are the prime factors of 1268419?
1268419
What are the prime factors of 64944?
2, 3, 11, 41
List the prime factors of 15347447.
17, 73, 83, 149
What are the prime factors of 43463?
7, 887
What are the prime factors of 20090468?
2, 5022617
What are the prime factors of 15500697?
3, 97, 53267
What are the prime factors of 6339387?
3, 2113129
List the prime factors of 286403.
13, 22031
What are the prime factors of 20521501?
7, 11, 13, 19, 83
What are the prime factors of 332421?
3, 110807
What are the prime factors of 1146537?
3, 7, 18199
What are the prime factors of 973677?
3, 59, 5501
List the prime factors of 6008523.
3, 2002841
List the prime factors of 2706354.
2, 3, 7, 47, 457
List the prime factors of 8866658.
2, 113, 39233
List the prime factors of 259178.
2, 129589
List the prime factors of 199761.
3, 66587
List the prime factors of 9177942.
2, 3, 1063, 1439
What are the prime factors of 154870?
2, 5, 17, 911
List the prime factors of 4248824.
2, 531103
What are the prime factors of 117333?
3, 13037
List the prime factors of 356941.
13, 27457
List the prime factors of 6362.
2, 3181
What are the prime factors of 270177?
3, 90059
What are the prime factors of 6058483?
53, 114311
What are the prime factors of 13414733?
29, 462577
List the prime factors of 2765904.
2, 3, 29, 1987
What are the prime factors of 4433027?
29, 71, 2153
What are the prime factors of 23922151?
11, 2174741
List the prime factors of 152846.
2, 76423
What are the prime factors of 213689?
7, 89
What are the prime factors of 5791500?
2, 3, 5, 11, 13
List the prime factors of 58505.
5, 11701
What are the prime factors of 6229833?
3, 2076611
List the prime factors of 3851.
3851
List the prime factors of 292556.
2, 11, 61, 109
What are the prime factors of 440718?
2, 3, 73453
List the prime factors of 6381028.
2, 23, 43, 1613
What are the prime factors of 177246?
2, 3, 43, 229
What are the prime factors of 435737?
47, 73, 127
What are the prime factors of 6024163?
2113, 2851
List the prime factors of 182575.
5, 67, 109
List the prime factors of 201564.
2, 3, 11, 509
What are the prime factors of 1787770?
2, 5, 31, 73, 79
What are the prime factors of 447069?
3, 7, 61, 349
List the prime factors of 3291177.
3, 31, 43, 823
List the prime